{"id":6993,"date":"2024-06-30T22:30:03","date_gmt":"2024-06-30T22:30:03","guid":{"rendered":"https:\/\/platabag.com\/?post_type=product&#038;p=6993"},"modified":"2025-10-07T20:55:53","modified_gmt":"2025-10-07T20:55:53","slug":"leather-handbag-cloude","status":"publish","type":"product","link":"https:\/\/platabag.com\/pl\/shop\/leather-handbag-cloude\/","title":{"rendered":"CLAUDE"},"content":{"rendered":"<p><img decoding=\"async\" class=\"alignleft wp-image-6437\" src=\"https:\/\/platabag.com\/wp-content\/uploads\/2023\/01\/yoga-strap-300x300.png\" alt=\"\" width=\"60\" height=\"60\" srcset=\"https:\/\/platabag.com\/wp-content\/uploads\/2023\/01\/yoga-strap-300x300.png 300w, https:\/\/platabag.com\/wp-content\/uploads\/2023\/01\/yoga-strap-150x150.png 150w, https:\/\/platabag.com\/wp-content\/uploads\/2023\/01\/yoga-strap-12x12.png 12w, https:\/\/platabag.com\/wp-content\/uploads\/2023\/01\/yoga-strap-450x450.png 450w, https:\/\/platabag.com\/wp-content\/uploads\/2023\/01\/yoga-strap-100x100.png 100w, https:\/\/platabag.com\/wp-content\/uploads\/2023\/01\/yoga-strap-50x50.png 50w, https:\/\/platabag.com\/wp-content\/uploads\/2023\/01\/yoga-strap-460x460.png 460w, https:\/\/platabag.com\/wp-content\/uploads\/2023\/01\/yoga-strap.png 512w\" sizes=\"(max-width: 60px) 100vw, 60px\" \/>Torebka posiada r\u0105czki oraz odpinany regulowany sk\u00f3rzany pasek<\/p>\n<p>&nbsp;<\/p>\n<p><img decoding=\"async\" class=\"wp-image-6318 alignleft\" src=\"https:\/\/platabag.com\/wp-content\/uploads\/2023\/01\/needle-e1672840246594-300x258.png\" alt=\"\" width=\"60\" height=\"52\" srcset=\"https:\/\/platabag.com\/wp-content\/uploads\/2023\/01\/needle-e1672840246594-300x258.png 300w, https:\/\/platabag.com\/wp-content\/uploads\/2023\/01\/needle-e1672840246594-14x12.png 14w, https:\/\/platabag.com\/wp-content\/uploads\/2023\/01\/needle-e1672840246594-450x388.png 450w, https:\/\/platabag.com\/wp-content\/uploads\/2023\/01\/needle-e1672840246594.png 512w\" sizes=\"(max-width: 60px) 100vw, 60px\" \/><\/p>\n<p>Ta torebka zosta\u0142a uszyta dla Ciebie w lokalnym zak\u0142adzie kaletniczym w Polsce.<\/p>\n<p>&nbsp;<\/p>\n<p><img decoding=\"async\" class=\"wp-image-6344 alignleft\" src=\"https:\/\/platabag.com\/wp-content\/uploads\/2023\/01\/leather-300x300.png\" alt=\"\" width=\"60\" height=\"60\" srcset=\"https:\/\/platabag.com\/wp-content\/uploads\/2023\/01\/leather-300x300.png 300w, https:\/\/platabag.com\/wp-content\/uploads\/2023\/01\/leather-150x150.png 150w, https:\/\/platabag.com\/wp-content\/uploads\/2023\/01\/leather-12x12.png 12w, https:\/\/platabag.com\/wp-content\/uploads\/2023\/01\/leather-450x450.png 450w, https:\/\/platabag.com\/wp-content\/uploads\/2023\/01\/leather-100x100.png 100w, https:\/\/platabag.com\/wp-content\/uploads\/2023\/01\/leather-50x50.png 50w, https:\/\/platabag.com\/wp-content\/uploads\/2023\/01\/leather-460x460.png 460w, https:\/\/platabag.com\/wp-content\/uploads\/2023\/01\/leather.png 512w\" sizes=\"(max-width: 60px) 100vw, 60px\" \/><\/p>\n<p>Stworzona z naturalnej sk\u00f3ry.<\/p>\n<p>&nbsp;<\/p>\n<p style=\"text-align: center;\">Wewn\u0105trz zmie\u015bcisz:<\/p>\n<p style=\"text-align: center;\"><img loading=\"lazy\" decoding=\"async\" class=\"wp-image-6211 aligncenter\" src=\"https:\/\/platabag.com\/wp-content\/uploads\/2023\/01\/UcanFIT-F01-300x56.png\" alt=\"\" width=\"323\" height=\"60\" srcset=\"https:\/\/platabag.com\/wp-content\/uploads\/2023\/01\/UcanFIT-F01-300x56.png 300w, https:\/\/platabag.com\/wp-content\/uploads\/2023\/01\/UcanFIT-F01-1024x190.png 1024w, https:\/\/platabag.com\/wp-content\/uploads\/2023\/01\/UcanFIT-F01-768x143.png 768w, https:\/\/platabag.com\/wp-content\/uploads\/2023\/01\/UcanFIT-F01-1536x286.png 1536w, https:\/\/platabag.com\/wp-content\/uploads\/2023\/01\/UcanFIT-F01-2048x381.png 2048w, https:\/\/platabag.com\/wp-content\/uploads\/2023\/01\/UcanFIT-F01-18x3.png 18w, https:\/\/platabag.com\/wp-content\/uploads\/2023\/01\/UcanFIT-F01-1320x246.png 1320w, https:\/\/platabag.com\/wp-content\/uploads\/2023\/01\/UcanFIT-F01-450x84.png 450w, https:\/\/platabag.com\/wp-content\/uploads\/2023\/01\/UcanFIT-F01-800x149.png 800w\" sizes=\"(max-width: 323px) 100vw, 323px\" \/><\/p>\n<p>&nbsp;<\/p>\n<p style=\"text-align: center;\"><a href=\"https:\/\/platabag.com\/pl\/care\/\">Piel\u0119gnacja<\/a><\/p>\n<p style=\"text-align: center;\"><a href=\"https:\/\/platabag.com\/pl\/refund-and-returns\/\"><span class=\"elementor-icon-list-text\">Zwroty i Reklamacje<\/span><\/a><\/p>\n<p>&nbsp;<\/p>","protected":false},"excerpt":{"rendered":"<p>Torebka Claude powsta\u0142a z inspiracji sztuk\u0105. Jest niewielk\u0105 torebk\u0105 wykonan\u0105 z w\u0142oskiej sk\u00f3ry naturalnej w eleganckim odcieniu be\u017cu. G\u00f3rna cz\u0119\u015b\u0107 torebki ma faluj\u0105cy kszta\u0142t, \u0142\u0105cz\u0105c ponadczasow\u0105 elegancj\u0119 z wyrafinowanym stylem Plata. Wewn\u0105trz torebka jest starannie zaprojektowana. Posiada dwie zamykane na zamek komory, przedzielone dodatkow\u0105 kieszeni\u0105 na zamek. Zabezpieczone wn\u0119trze sprzyja przechowywaniu i noszeniu niezb\u0119dnych i osobistych rzeczy. Dodatkowa wewn\u0119trzna kiesze\u0144 na karty lub dokumenty pomaga utrzyma\u0107 porz\u0105dek. Funkcjonalno\u015b\u0107 torebki wzbogacaj\u0105 sk\u00f3rzane paski tworz\u0105ce uchwyty do noszenia w r\u0119ce lub na przedramieniu oraz regulowany pasek, kt\u00f3ry umo\u017cliwia noszenie jej na ramieniu lub na skos, oferuj\u0105c r\u00f3\u017cnorodne opcje noszenia.<\/p>\n<p>&nbsp;<\/p>\n<p><img loading=\"lazy\" decoding=\"async\" class=\"aligncenter wp-image-6436\" src=\"https:\/\/platabag.com\/wp-content\/uploads\/2023\/01\/poziomo6-300x61.png\" alt=\"\" width=\"296\" height=\"60\" srcset=\"https:\/\/platabag.com\/wp-content\/uploads\/2023\/01\/poziomo6-300x61.png 300w, https:\/\/platabag.com\/wp-content\/uploads\/2023\/01\/poziomo6-1024x208.png 1024w, https:\/\/platabag.com\/wp-content\/uploads\/2023\/01\/poziomo6-768x156.png 768w, https:\/\/platabag.com\/wp-content\/uploads\/2023\/01\/poziomo6-1536x312.png 1536w, https:\/\/platabag.com\/wp-content\/uploads\/2023\/01\/poziomo6-2048x416.png 2048w, https:\/\/platabag.com\/wp-content\/uploads\/2023\/01\/poziomo6-18x4.png 18w, https:\/\/platabag.com\/wp-content\/uploads\/2023\/01\/poziomo6-1320x268.png 1320w, https:\/\/platabag.com\/wp-content\/uploads\/2023\/01\/poziomo6-450x91.png 450w, https:\/\/platabag.com\/wp-content\/uploads\/2023\/01\/poziomo6-800x162.png 800w\" sizes=\"(max-width: 296px) 100vw, 296px\" \/><\/p>\n<p style=\"text-align: center;\">2 paski   craftmade     naturalna sk\u00f3ra<\/p>","protected":false},"featured_media":7004,"template":"","meta":{"inline_featured_image":false},"product_cat":[15,126,54],"product_tag":[131,130,128,134,133,132,129,127],"woo-feed-brand":[],"class_list":{"0":"post-6993","1":"product","2":"type-product","3":"status-publish","4":"has-post-thumbnail","6":"product_brand-plata-bags","7":"product_cat-bags","8":"product_cat-cloade","9":"product_cat-handbags","10":"product_tag-fashionable-tote","11":"product_tag-high-quality-leather","12":"product_tag-luxury-leather","13":"product_tag-plata-brand","14":"product_tag-premium-craftsmanship","15":"product_tag-stylish-shoulder","16":"product_tag-sustainable-beige","17":"product_tag-unique-elegance","19":"first","20":"instock","21":"taxable","22":"shipping-taxable","23":"purchasable","24":"product-type-simple"},"_links":{"self":[{"href":"https:\/\/platabag.com\/pl\/wp-json\/wp\/v2\/product\/6993","targetHints":{"allow":["GET"]}}],"collection":[{"href":"https:\/\/platabag.com\/pl\/wp-json\/wp\/v2\/product"}],"about":[{"href":"https:\/\/platabag.com\/pl\/wp-json\/wp\/v2\/types\/product"}],"version-history":[{"count":4,"href":"https:\/\/platabag.com\/pl\/wp-json\/wp\/v2\/product\/6993\/revisions"}],"predecessor-version":[{"id":7002,"href":"https:\/\/platabag.com\/pl\/wp-json\/wp\/v2\/product\/6993\/revisions\/7002"}],"wp:featuredmedia":[{"embeddable":true,"href":"https:\/\/platabag.com\/pl\/wp-json\/wp\/v2\/media\/7004"}],"wp:attachment":[{"href":"https:\/\/platabag.com\/pl\/wp-json\/wp\/v2\/media?parent=6993"}],"wp:term":[{"taxonomy":"product_cat","embeddable":true,"href":"https:\/\/platabag.com\/pl\/wp-json\/wp\/v2\/product_cat?post=6993"},{"taxonomy":"product_tag","embeddable":true,"href":"https:\/\/platabag.com\/pl\/wp-json\/wp\/v2\/product_tag?post=6993"},{"taxonomy":"woo-feed-brand","embeddable":true,"href":"https:\/\/platabag.com\/pl\/wp-json\/wp\/v2\/woo-feed-brand?post=6993"}],"curies":[{"name":"wp","href":"https:\/\/api.w.org\/{rel}","templated":true}]}}

<p><img decoding="async" class="alignleft wp-image-6437" src="https://platabag.com/wp-content/uploads/2023/01/yoga-strap-300x300.png" alt="" width="60" height="60" srcset="https://platabag.com/wp-content/uploads/2023/01/yoga-strap-300x300.png 300w, https://platabag.com/wp-content/uploads/2023/01/yoga-strap-150x150.png 150w, https://platabag.com/wp-content/uploads/2023/01/yoga-strap-12x12.png 12w, https://platabag.com/wp-content/uploads/2023/01/yoga-strap-450x450.png 450w, https://platabag.com/wp-content/uploads/2023/01/yoga-strap-100x100.png 100w, https://platabag.com/wp-content/uploads/2023/01/yoga-strap-50x50.png 50w, https://platabag.com/wp-content/uploads/2023/01/yoga-strap-460x460.png 460w, https://platabag.com/wp-content/uploads/2023/01/yoga-strap.png 512w" sizes="(max-width: 60px) 100vw, 60px" />Torebka posiada rączki oraz odpinany regulowany skórzany pasek</p>
<p>&nbsp;</p>
<p><img decoding="async" class="wp-image-6318 alignleft" src="https://platabag.com/wp-content/uploads/2023/01/needle-e1672840246594-300x258.png" alt="" width="60" height="52" srcset="https://platabag.com/wp-content/uploads/2023/01/needle-e1672840246594-300x258.png 300w, https://platabag.com/wp-content/uploads/2023/01/needle-e1672840246594-14x12.png 14w, https://platabag.com/wp-content/uploads/2023/01/needle-e1672840246594-450x388.png 450w, https://platabag.com/wp-content/uploads/2023/01/needle-e1672840246594.png 512w" sizes="(max-width: 60px) 100vw, 60px" /></p>
<p>Ta torebka została uszyta dla Ciebie w lokalnym zakładzie kaletniczym w Polsce.</p>
<p>&nbsp;</p>
<p><img decoding="async" class="wp-image-6344 alignleft" src="https://platabag.com/wp-content/uploads/2023/01/leather-300x300.png" alt="" width="60" height="60" srcset="https://platabag.com/wp-content/uploads/2023/01/leather-300x300.png 300w, https://platabag.com/wp-content/uploads/2023/01/leather-150x150.png 150w, https://platabag.com/wp-content/uploads/2023/01/leather-12x12.png 12w, https://platabag.com/wp-content/uploads/2023/01/leather-450x450.png 450w, https://platabag.com/wp-content/uploads/2023/01/leather-100x100.png 100w, https://platabag.com/wp-content/uploads/2023/01/leather-50x50.png 50w, https://platabag.com/wp-content/uploads/2023/01/leather-460x460.png 460w, https://platabag.com/wp-content/uploads/2023/01/leather.png 512w" sizes="(max-width: 60px) 100vw, 60px" /></p>
<p>Stworzona z naturalnej skóry.</p>
<p>&nbsp;</p>
<p style="text-align: center;">Wewnątrz zmieścisz:</p>
<p style="text-align: center;"><img loading="lazy" decoding="async" class="wp-image-6211 aligncenter" src="https://platabag.com/wp-content/uploads/2023/01/UcanFIT-F01-300x56.png" alt="" width="323" height="60" srcset="https://platabag.com/wp-content/uploads/2023/01/UcanFIT-F01-300x56.png 300w, https://platabag.com/wp-content/uploads/2023/01/UcanFIT-F01-1024x190.png 1024w, https://platabag.com/wp-content/uploads/2023/01/UcanFIT-F01-768x143.png 768w, https://platabag.com/wp-content/uploads/2023/01/UcanFIT-F01-1536x286.png 1536w, https://platabag.com/wp-content/uploads/2023/01/UcanFIT-F01-2048x381.png 2048w, https://platabag.com/wp-content/uploads/2023/01/UcanFIT-F01-18x3.png 18w, https://platabag.com/wp-content/uploads/2023/01/UcanFIT-F01-1320x246.png 1320w, https://platabag.com/wp-content/uploads/2023/01/UcanFIT-F01-450x84.png 450w, https://platabag.com/wp-content/uploads/2023/01/UcanFIT-F01-800x149.png 800w" sizes="(max-width: 323px) 100vw, 323px" /></p>
<p>&nbsp;</p>
<p style="text-align: center;"><a href="https://platabag.com/pl/care/">Pielęgnacja</a></p>
<p style="text-align: center;"><a href="https://platabag.com/pl/refund-and-returns/"><span class="elementor-icon-list-text">Zwroty i Reklamacje</span></a></p>
<p>&nbsp;</p>

<p>Torebka Claude powstała z inspiracji sztuką. Jest niewielką torebką wykonaną z włoskiej skóry naturalnej w eleganckim odcieniu beżu. Górna część torebki ma falujący kształt, łącząc ponadczasową elegancję z wyrafinowanym stylem Plata. Wewnątrz torebka jest starannie zaprojektowana. Posiada dwie zamykane na zamek komory, przedzielone dodatkową kieszenią na zamek. Zabezpieczone wnętrze sprzyja przechowywaniu i noszeniu niezbędnych i osobistych rzeczy. Dodatkowa wewnętrzna kieszeń na karty lub dokumenty pomaga utrzymać porządek. Funkcjonalność torebki wzbogacają skórzane paski tworzące uchwyty do noszenia w ręce lub na przedramieniu oraz regulowany pasek, który umożliwia noszenie jej na ramieniu lub na skos, oferując różnorodne opcje noszenia.</p>
<p>&nbsp;</p>
<p><img loading="lazy" decoding="async" class="aligncenter wp-image-6436" src="https://platabag.com/wp-content/uploads/2023/01/poziomo6-300x61.png" alt="" width="296" height="60" srcset="https://platabag.com/wp-content/uploads/2023/01/poziomo6-300x61.png 300w, https://platabag.com/wp-content/uploads/2023/01/poziomo6-1024x208.png 1024w, https://platabag.com/wp-content/uploads/2023/01/poziomo6-768x156.png 768w, https://platabag.com/wp-content/uploads/2023/01/poziomo6-1536x312.png 1536w, https://platabag.com/wp-content/uploads/2023/01/poziomo6-2048x416.png 2048w, https://platabag.com/wp-content/uploads/2023/01/poziomo6-18x4.png 18w, https://platabag.com/wp-content/uploads/2023/01/poziomo6-1320x268.png 1320w, https://platabag.com/wp-content/uploads/2023/01/poziomo6-450x91.png 450w, https://platabag.com/wp-content/uploads/2023/01/poziomo6-800x162.png 800w" sizes="(max-width: 296px) 100vw, 296px" /></p>
<p style="text-align: center;">2 paski   craftmade     naturalna skóra</p>
